78*v + 3957. Determine x(129).
-42
Let l(i) = -3*i**3 + 124*i**2 - 573*i - 85. Determine l(36).
23
Let j(s) = -365*s + 29216. Give j(80).
16
Let s(t) = -1725*t - 112106. Give s(-65).
19
Let s(h) = -h**3 - 39*h**2 + 6755*h - 360. What is s(-104)?
160
Let a(d) = -38900*d + 77828. Calculate a(2).
28
Let g(u) = -5*u**2 - 3213*u + 1104376. What is g(248)?
32
Let i(c) = 2332*c - 9097. Give i(4).
231
Let z(p) = -p**3 + 64*p**2 + 6207*p + 333. What is z(-53)?
15
Let l(a) = -a**3 + 20*a**2 - 67*a - 119. Give l(15).
1
Let l(s) = 665*s + 5580. Give l(-8).
260
Let g(n) = -54*n**2 - 153*n - 26. Determine g(-6).
-1052
Let m(f) = -2*f**2 - 517*f - 13561. What is m(-32)?
935
Let y(g) = -800*g - 11949. Give y(-15).
51
Let z(a) = -5*a**2 + 368*a - 7132. Determine z(31).
-529
Let a(y) = -34311*y - 274481. Give a(-8).
7
Let a(l) = -l**2 - 7046*l - 56. Determine a(0).
-56
Let z(c) = 8922*c + 776225. Give z(-87).
11
Let l(o) = 4*o**3 - 517*o**2 + 125*o + 480. Calculate l(129).
-36
Let r(w) = -24*w**3 + 143*w**2 - 42*w + 9. What is r(6)?
-279
Let q(r) = -r**3 - 10*r**2 - 411*r - 1168. Determine q(-3).
2
Let a(l) = -26066*l + 26095. What is a(1)?
29
Let c(h) = 84310*h + 505876. Determine c(-6).
16
Let j(u) = -5*u**2 + 5307*u - 26566. Calculate j(5).
-156
Let i(p) = -p**3 + 4*p**2 + 503*p + 1519. Determine i(-3).
73
Let r(d) = -138497*d - 7201840. Give r(-52).
4
Let g(q) = 2*q**2 - 588*q + 24228. Give g(244).
-172
Let u(g) = -791*g + 299800. Give u(379).
11
Let d(v) = -7209*v - 7663175. Determine d(-1063).
-8
Let s(j) = -20*j - 101. Calculate s(-18).
259
Let n(x) = x**2 - 7*x - 10896. Determine n(106).
-402
Let s(c) = 821*c**2 + 73058*c - 955. Calculate s(-89).
24
Let f(j) = 18*j**2 - 1434*j - 595. Determine f(80).
-115
Let f(l) = -928258*l + 3713039. Give f(4).
7
Let i(o) = -5354*o**2 - 26776*o - 26. Give i(-5).
4
Let t(p) = p**2 + 1422*p + 497934. Calculate t(-798).
-18
Let u(w) = -3*w**2 - 753*w - 29246. What is u(-48)?
-14
Let u(k) = -29995*k + 4439256. Determine u(148).
-4
Let i(l) = 206669*l + 1860034. Give i(-9).
13
Let w(o) = 5159*o - 46147. Give w(9).
284
Let d(a) = 4731*a - 78402. Determine d(17).
2025
Let l(w) = -3*w**3 + 32*w**2 - 33*w - 9. Calculate l(0).
-9
Let c(j) = -84*j - 6185. Calculate c(-85).
955
Let z(t) = t**3 + 424*t**2 - 6592*t + 113. Determine z(15).
8
Let j(r) = 40*r**2 - 415*r + 143. Determine j(11).
418
Let k(g) = -2*g**3 - 2*g**2 + 8*g - 53. What is k(9)?
-1601
Let t(h) = 3230*h**2 - 41991*h + 16. What is t(13)?
3
Let r(s) = 23376*s - 165307. Give r(7).
-1675
Let p(o) = -60*o**3 - 1207*o**2 + 1207*o + 1. Give p(1).
-59
Let x(y) = 11504*y - 22853. Give x(2).
155
Let w(l) = 118*l**2 - 34862*l - 69734. Determine w(-2).
462
Let s(y) = -y**2 + 11663*y - 3. Calculate s(0).
-3
Let t(c) = c**3 - 216*c**2 + 2253*c + 84. What is t(11)?
62
Let w(i) = -18*i + 4010. Calculate w(61).
2912
Let w(x) = 151383*x + 454127. Give w(-3).
-22
Let h(t) = -7999*t - 88119. Calculate h(-11).
-130
Let o(b) = 31652*b + 696333. Determine o(-22).
-11
Let j(p) = -5*p**3 + 24*p**2 - 42*p + 443. Calculate j(8).
-917
Let h(n) = 191*n + 9911. Give h(-51).
170
Let h(a) = -772*a - 12302. What is h(-16)?
50
Let t(i) = -12755*i + 106746. Determine t(8).
4706
Let t(u) = -u**2 + 551*u + 62809. Determine t(-97).
-47
Let t(j) = -j**2 - 50*j - 606. Give t(-65).
-1581
Let x(h) = h**3 + 11*h**2 + 772*h + 5979. Calculate x(-8).
-5
Let i(x) = 47873*x + 131. Determine i(0).
131
Let x(u) = 4*u**2 - 11158*u - 349740. Give x(-31).
2
Let x(o) = o**3 + 3*o**2 - 43630*o + 87245. Calculate x(2).
5
Let v(f) = -13*f**2 - 432*f - 10497. Give v(-23).
-7438
Let u(v) = 315*v - 2638. Determine u(8).
-118
Let w(i) = 27*i**2 + 4430*i - 22091. What is w(5)?
734
Let t(c) = -2*c**3 - 661*c**2 - 376*c - 15140. Determine t(-330).
40
Let l(k) = -2*k**3 - 47*k**2 - 66*k - 61. Determine l(-22).
-61
Let j(q) = -6*q**2 - 4821*q - 125794. Calculate j(-27).
-1
Let q(b) = -54*b**2 + 1225*b + 323. Give q(23).
-68
Let k(f) = f**3 + 34*f**2 - 5464*f - 62657. Determine k(-88).
-1
Let y(g) = -174*g**3 + 12916*g**2 - 2945*g - 1101. Give y(74).
9
Let g(z) = z**3 - 683*z**2 + 18341*z - 618. Calculate g(655).
37
Let n(y) = -y**2 - 60*y - 269. Determine n(-23).
582
Let x(t) = -41*t**3 - 15415*t**2 + 374*t - 680. Give x(-376).
72
Let g(i) = -10*i**2 - 6524*i + 13039. Give g(2).
-49
Let f(z) = -3*z**2 + 6762*z - 47214. Give f(7).
-27
Let g(t) = -17797*t + 35664. What is g(2)?
70
Let n(c) = -609846*c - 17075677. Determine n(-28).
11
Let g(j) = 674*j**3 + 4*j**2 + 2*j - 4. Give g(1).
676
Let z(b) = -115*b**2 - 163*b + 1025. Give z(7).
-5751
Let c(k) = -26*k + 3309. What is c(152)?
-643
Let n(g) = 6148*g + 73705. Give n(-12).
-71
Let a(h) = -30*h**2 - 3264*h + 811. Calculate a(-109).
157
Let x(s) = -s**2 + 221*s + 22787. Determine x(-77).
-159
Let m(y) = 91*y**2 + 1298*y - 1281. Calculate m(1).
108
Let t(z) = -1515*z + 5698. What is t(3)?
1153
Let f(y) = y**3 + 163*y**2 - 726*y - 9725. What is f(-167)?
-39
Let z(i) = -i**3 - 10*i**2 + 123*i - 105. Determine z(-17).
-173
Let n(a) = -49971*a - 99940. Determine n(-2).
2
Let a(n) = -3*n**3 + 184*n**2 - 97*n + 2198. What is a(61)?
2
Let s(c) = 3*c**3 - 412*c**2 + 945*c + 1. Determine s(135).
1
Let s(o) = -315*o**2 - 863*o - 862. Calculate s(-1).
-314
Let j(a) = -1693*a - 17330. Calculate j(-10).
-400
Let k(p) = -59*p**2 + 165*p + 1. Determine k(2).
95
Let r(l) = -19*l**3 - 590*l**2 - 42*l - 232. Give r(-31).
109
Let x(g) = 24*g - 1960. Calculate x(57).
-592
Let j(g) = g**3 - 35*g**2 + 507*g - 12923. Determine j(32).
229
Let w(f) = -f**3 + 445*f**2 + f - 778360. Determine w(441).
5
Let d(c) = 805*c**3 + 4833*c**2 + 34*c + 116. Determine d(-6).
20
Let p(w) = 174155*w - 7. Calculate p(0).
-7
Let b(d) = 3983*d - 39637. Calculate b(10).
193
Let u(f) = -20730*f - 83001. Calculate u(-4).
-81
Let g(m) = 1397*m + 88010. Calculate g(-63).
-1
Let c(i) = 279*i**2 + 32360*i - 373. Give c(-116).
91
Let i(u) = u**3 - 470*u**2 - 4846*u + 22086. Give i(480).
6
Let v(c) = -c**2 - 205*c + 9830. Give v(-245).
30
Let p(t) = -t**3 + 34*t**2 + 746*t - 4940. What is p(-19)?
19
Let z(n) = 17744*n + 30981022. Give z(-1746).
-2
Let f(z) = -1402*z**2 + 4215*z - 41. Determine f(3).
-14
Let l(o) = -3*o**3 - 898*o**2 + 603*o + 633. Determine l(-300).
-267
Let r(t) = 92629*t + 1296780. What is r(-14)?
-26
Let b(v) = v**3 + 2960*v**2 + 10998*v - 2441651. Calculate b(-2956).
5
Let k(g) = -4906*g - 299242. Give k(-61).
24
Let s(a) = -75*a**2 + 1710*a + 356. Calculate s(23).
11
Let t(u) = 231*u + 95175. Calculate t(-412).
3
Let y(v) = 33773*v - 878094. Determine y(26).
4
Let l(t) = 297*t - 37528. Determine l(127).
191
Let k(n) = -5193*n - 5203. Calculate k(-1).
-10
Let k(o) = 5259*o + 36814. What is k(-7)?
1
Let s(m) = -m**3 + 29*m**2 + 2*m + 64. Determine s(0).
64
Let p(f) = -4549*f + 841456. Calculate p(185).
-109
Let c(f) = 7*f**2 - 4051*f + 20096. What is c(5)?
16
Let n(b) = b**3 + 105*b**2 + 153*b - 5449. What is n(-103)?
10
Let z(v) = -273*v**3 - 1089*v**2 + 36*v + 104. Calculate z(-4).
8
Let b(o) = o**3 + 668*o**2 - 10960*o - 10613. Determine b(-684).
331
Let u(i) = i**2 + 221*i - 787911. Give u(-1005).
9
Let f(j) = 349752*j + 699480. What is f(-2)?
-24
Let a(f) = 626*f**2 + 2347*f + 2. What is a(-4)?
630
Let m(l) = 13381*l - 106687. Determine m(8).
361
Let m(x) = 14*x**3 - 142*x**2 + 92*x - 715. Give m(10).
5
Let h(w) = 37*w**2 + 16*w - 27. Determine h(-6).
1209
Let u(c) = -64*c**2 - 2637*c - 541. Determine u(-41).
-8
Let j(z) = -55*z**2 - 587*z + 3355. What is j(-15)?
-215
Let y(o) = -23*o + 349. What is y(-5)?
464
Let c(x) = 2197*x - 83186. Calculate c(38).
300
Let d(k) = k**2 + 151*k - 30192. What is d(-265)?
18
Let t(n) = -11*n**3 - 54*n**2 + 22*n + 160. Give t(-9).
3607
Let m(b) = -3*b**2 - 1300*b + 43185. Determine m(31).
2
Let v(g) = g**3 - 439*g**2 + 62*g - 220897. Determine v(440).
-17
Let y(j) = 22*j**3 + j**2 + 427*j + 1296. What is y(-3)?
-570
Let o(j) = -2408*j - 23734. What is o(-10)?
346
Let k(i) = -10686*i - 4263670. Calculate k(-399).
44
Let d(r) = 64*r**2 + 13322*r + 1751. Determine d(-208).
-329
Let q(h) = -5*h**3 + 41*h**2 + 306*h + 1400. Determine q(14).
0
Let s(n) = 7*n**2 + 263*n - 1819. Give s(7).
365
Let x(s) = 3*s**2 - 1935*s - 1934. What is x(-1)?
4
Let x(f) = -876163*f + 18399430.